of n and 60.
20
Let k(z) = -109*z - 319. Let o = 674 - 686. Let t be k(o). What is the highest common divisor of t and 23?
23
Suppose -u = -10*f + 14*f - 71, -4*u = 3*f - 258. Suppose 7*l = 4*l, 2*l = -3*p + u. Calculate the greatest common factor of p and 336.
21
Let p be 6*300*(-7)/(-4 + -10). Calculate the greatest common factor of p and 700.
100
Suppose 48*u = -0*u + 10944. Calculate the highest common divisor of u and 19209.
57
Suppose 82*a = 19*a + 50274. What is the greatest common divisor of a and 931?
133
Suppose 8701 = 97*s - 4394. What is the highest common factor of 120 and s?
15
Let x = -3601 + 3702. Calculate the highest common divisor of x and 5.
1
Let u be -1 - -58 - (17 + -18). Suppose 0 - u = k. Let w = -46 - k. Calculate the greatest common factor of 12 and w.
12
Let v be ((-6)/(-12))/(2/12). Suppose 0 = -4*b - 3*y + 177, v*b - 9*y = -4*y + 169. Calculate the highest common divisor of 3 and b.
3
Suppose 23*o + 3315 = -19*o + 57*o. Calculate the greatest common divisor of o and 2703.
17
Suppose -61*y + 472*y = 98123 + 54769. Calculate the greatest common divisor of 1550 and y.
62
Let j = 20148 + -20004. Calculate the highest common factor of 3204 and j.
36
Suppose -j - 5 = -2*j - 5*b, 0 = -4*j + 3*b + 112. Let d = 28 - 2. Suppose -25*g = -d*g + 10. What is the highest common factor of g and j?
5
Let q = 17189 + -16614. Calculate the greatest common divisor of q and 2185.
115
Suppose -13*x + 17*x + 212 = 5*d, 5*d - 194 = -2*x. Let c be (-9338)/(-92) + (-1)/(-2)*-3. Calculate the highest common factor of c and d.
20
Let o = -4104 - -4111. Calculate the highest common divisor of o and 1337.
7
Suppose -4*j = -4*h + 10 - 22, 5*j + 4*h - 24 = 0. Suppose -j*y = -5*y + 3*z + 131, 2*y = 3*z + 271. Calculate the greatest common factor of y and 35.
35
Let c(k) = 2*k**2 + 12*k - 27. Let i be c(-8). Let n be (6/i)/(848/140 - 6). Calculate the highest common divisor of 21 and n.
21
Let q = -252 - -257. Suppose -4*d - q*n = -35, -d = -4*d + 3*n + 6. What is the highest common factor of d and 80?
5
Let b(g) = 3*g**3 + 163*g**2 - 105*g + 279. Let u be b(-55). Suppose -41 - 15 = -4*p. Let t = p - 8. Calculate the greatest common factor of u and t.
2
Let v(p) = 11*p**2 + 38*p - 234. Let q be v(6). What is the greatest common factor of q and 795?
15
Let g(j) = -12*j**3 + 4*j**2 + 8*j + 13. Let i be g(6). Let k be i/(-33) - 2/6. Calculate the highest common factor of 180 and k.
36
Let s(p) = -12 + 42*p - 13*p**2 - 68*p + 11*p**2. Let f be s(-8). What is the greatest common factor of 17 and f?
17
Suppose -8223 = -3*m - 127*b + 129*b, -5*m = -b - 13719. Calculate the greatest common divisor of 366 and m.
183
Suppose 17831 = 16*q + 16551. What is the highest common divisor of q and 15?
5
Let b(v) = -746*v - 511. Let p be b(-5). What is the greatest common factor of 222 and p?
111
Let n(t) = -3*t**3 - t**2 + 24*t + 126. Let m be n(-9). Calculate the greatest common factor of 140 and m.
28
Let l(m) = -m**3 - 5*m**2 - 5*m + 5. Let b be l(-5). Suppose 61*x = 508 + 590. Calculate the highest common divisor of b and x.
6
Let b = -3638 + 3648. Calculate the highest common divisor of 118 and b.
2
Let c = -5 + 9. Suppose -5*a + c - 4 = 0. Let r(m) = -m + 40. Let b be r(a). Calculate the greatest common factor of 160 and b.
40
Let g(y) = -32*y + 583. Let r be g(4). What is the highest common divisor of 364 and r?
91
Suppose v - 3*v = 3*c - 78, 2*c = -8. Calculate the greatest common factor of v and 210.
15
Suppose 12*l = 15 + 9. Suppose l*z = 1 - 3. Let s be (-2504)/(-32) - z/(-4). What is the greatest common divisor of s and 26?
26
Let g be (-6)/(-1 - -2)*(-108)/(-162). Let b(c) = 11*c**2 + 8*c + 27. Let q be b(g). What is the greatest common divisor of q and 9?
9
Let r be 2/14 + (-1)/(28/(-248)). Calculate the highest common divisor of 207 and r.
9
Let z(f) = 594*f - 188. Let w be z(6). What is the highest common factor of w and 16?
16
Suppose -156 = -7*t + 54. Calculate the highest common factor of t and 45.
15
Suppose -5*w = c - 66, 119*c - 124*c + 190 = -3*w. Calculate the highest common divisor of 4223 and c.
41
Let u(p) = p**2 + 20*p + 48. Suppose -36 - 36 = 4*m. Let s be u(m). Calculate the greatest common factor of s and 60.
12
Let p = 289 - 77. Suppose w = -3*w - 2*t + 428, -2*w - 2*t = -p. Calculate the greatest common divisor of 135 and w.
27
Let o = -242 + 496. Suppose -5*t + o = -196. Suppose 0 = -y + 4*y - 3*h - 99, -4*y + 135 = -3*h. What is the greatest common divisor of y and t?
18
Let l be (2/3*21)/((-12)/(-72)). What is the greatest common factor of l and 903?
21
Suppose 12 = -2*s - 5*g, 4*s - g - 28 = 2*g. Suppose 14*k = 10*k. Suppose 0 = -t + s, k = p - 4*p + 3*t + 114. What is the highest common factor of p and 14?
14
Let z(d) = 2*d**2 + 30*d + 12. Suppose -120 + 30 = 6*p. Let s be z(p). Let x(a) = -a + 8. Let j be x(-10). Calculate the highest common divisor of s and j.
6
Let i(w) = -w**3 - 6*w**2 - 6*w + 5. Let n be i(-5). Suppose -n*s = -8*s - 26. Calculate the greatest common divisor of s and 377.
13
Suppose -37*w - 3751475 = -86*w - 172*w. Calculate the greatest common divisor of w and 175.
175
Suppose -2*k + 586 = 525*q - 523*q, 4*q = 3*k + 1186. Calculate the highest common factor of 10 and q.
5
Let x = -2 - 4. Let w(f) be the first derivative of -9*f**2/2 - 45*f + 327. Let l be w(x). Calculate the greatest common factor of l and 18.
9
Let c(v) = 8*v**3 - 2*v**2 - 2*v. Let b be c(3). Suppose 819*z = 951*z - 1584. What is the greatest common factor of z and b?
12
Suppose 0 = 5*x + 211 + 404. Let s = -59 - x. Let n = -22 + s. What is the greatest common factor of 28 and n?
14
Suppose 2*a - 27 = -3*b, -5*b - 5*a = -35 - 10. Suppose -9*r + 12 = 57. Let i be (-8 - r - -8) + -4. What is the highest common factor of b and i?
1
Suppose -g = -4*g + 174. Let x = -10582 - -10756. Calculate the highest common factor of g and x.
58
Suppose -69*b = 158*b - 121*b - 37736. What is the greatest common factor of 46 and b?
2
Let u(y) = -y + 29. Let w be u(-10). Let n be (w + -41)*6/(-4). Suppose -n*d - 4*d = -14. What is the greatest common divisor of d and 14?
2
Let d(g) = -125*g + 6. Let a be d(1). Let v be (-306)/a*(-7)/(-2). What is the highest common factor of v and 27?
9
Suppose -2066 = -19*b + 12507. Calculate the greatest common divisor of b and 91.
13
Let o(p) = 1227*p - 1209. Let z be o(1). What is the highest common divisor of z and 7374?
6
Let x be (-1165)/20*-1*6*2. Let r = -400 + x. Calculate the greatest common divisor of r and 65.
13
Suppose j + v + 6 = 5, 0 = 3*j + 5*v - 5. Let r(f) = 2*f**2 + 6*f - 11. Let t be r(j). Calculate the greatest common factor of 21 and t.
3
Let y(m) = -m**3 + 23*m**2 + 158*m - 109. Let p be y(26). Calculate the highest common divisor of p and 18.
9
Suppose 202 = 7*f - 120. Let g be ((-92)/3)/(63/(18711/(-66))). What is the greatest common factor of g and f?
46
Let u(w) = -w**2 - 6*w + 321. Let k be u(-18). What is the highest common divisor of 495 and k?
15
Suppose 4*p = 4*z - 48, 0*p + 36 = -2*p + 5*z. Let b be -2*(-22)/p*-2. Let w = 447451 - 447407. Calculate the greatest common factor of b and w.
11
Let h(w) = 3*w - 57. Let n be h(-37). Let y = 366 + n. What is the highest common factor of 54 and y?
18
Let p be 39/(-13)*638/4*(-10)/15. What is the greatest common factor of 145 and p?
29
Let a be (-5 - (6 - 7)) + 154. Let q be (-7 - (-1030)/a) + 4834/30. Calculate the highest common divisor of 23 and q.
23
Let h = 500 + -426. What is the greatest common factor of h and 6?
2
Suppose 110*p - 70*p = -105*p + 1922700. Calculate the highest common divisor of 13 and p.
13
Let u = 18028 + -12876. Suppose 15*r - 7*r - u = 0. What is the greatest common factor of 14 and r?
14
Let p be ((-4)/5)/(376/(-7050)). What is the greatest common factor of 515 and p?
5
Let w be (-30)/675 + 6461/585. Calculate the greatest common factor of 1639 and w.
11
Let a be ((145383/(-14))/(-43))/((-2)/(-44)). Calculate the highest common factor of 115 and a.
23
Let q = 37 - 5. Let d = -8462 + 8558. What is the highest common factor of q and d?
32
Suppose -2*c + 31*p - 33*p = -2344, 2*c - 5*p = 2323. What is the greatest common factor of 668 and c?
167
Suppose -516 = -4*p - 148. Calculate the highest common divisor of 138 and p